s 10400213 a composite number?
True
Is 213259621 a composite number?
True
Is 9197777 prime?
True
Is 986399 a prime number?
False
Is 125079301 a composite number?
True
Is 15196003 a prime number?
True
Is 99953759 a composite number?
True
Is 77177849 composite?
True
Is 85040981 composite?
True
Is 3172471 a composite number?
False
Is 1562017 a prime number?
False
Is 4657453 a composite number?
False
Is 5203477 prime?
True
Is 2934617 a composite number?
True
Is 750703 prime?
False
Is 359699 a prime number?
False
Is 1224061 composite?
True
Is 13246645 prime?
False
Is 32201639 a prime number?
True
Is 1393589 composite?
False
Is 18570655 a prime number?
False
Is 9515899 prime?
False
Is 122493629 composite?
True
Is 10785199 prime?
False
Is 46789849 prime?
True
Is 522607807 a composite number?
False
Is 3057701 composite?
False
Is 15196193 prime?
False
Is 2360707 prime?
True
Is 86917861 composite?
True
Is 1523701 a composite number?
False
Is 6073499 composite?
True
Is 2593417 a prime number?
False
Is 60476057 a composite number?
False
Is 9619787 a prime number?
True
Is 25712501 a prime number?
True
Is 272347 a composite number?
False
Is 2290129 a composite number?
True
Is 786907 a composite number?
True
Is 51714517 a composite number?
True
Is 4928591 composite?
False
Is 693851 composite?
False
Is 47690921 composite?
False
Is 1274041 a prime number?
True
Is 63251459 a prime number?
False
Is 248137 composite?
False
Is 2603789 prime?
True
Is 66884929 prime?
True
Is 262738369 a composite number?
True
Is 31101634 prime?
False
Is 727399 prime?
True
Is 2334629 prime?
False
Is 13163537 prime?
True
Is 33199 a prime number?
True
Is 1669559 a prime number?
False
Is 17146229 a composite number?
False
Is 6028831 composite?
True
Is 947765855 composite?
True
Is 257343 composite?
True
Is 1753627 composite?
True
Is 44921731 a composite number?
False
Is 40955647 prime?
True
Is 15627827 a composite number?
True
Is 77137 composite?
False
Is 41146277 composite?
True
Is 11799281 prime?
False
Is 841807 a prime number?
False
Is 10959439 prime?
True
Is 36063746 a composite number?
True
Is 11400377 composite?
False
Is 34484671 a prime number?
False
Is 5879699 a composite number?
True
Is 37320277 a prime number?
True
Is 6925787 a prime number?
False
Is 74348059 prime?
False
Is 2858473 a composite number?
True
Is 54963518 prime?
False
Is 52376593 prime?
False
Is 823407821 prime?
True
Is 29061287 composite?
False
Is 2045311 a composite number?
False
Is 1350959 a composite number?
False
Is 72113991 composite?
True
Is 92797907 a composite number?
False
Is 29778613 a prime number?
True
Is 15895321 a prime number?
False
Is 860689 prime?
True
Is 3245783 composite?
True
Is 29513051 a composite number?
True
Is 152311 a composite number?
False
Is 2150117 a composite number?
True
Is 153562249 a prime number?
False
Is 3597401 a prime number?
True
Is 26173417 a composite number?
False
Is 50165999 prime?
False
Is 3615773 prime?
False
Is 7389541 composite?
False
Is 1222357 a composite number?
True
Is 324471941 composite?
False
Is 41758251 a prime number?
False
Is 323598533 a prime number?
False
Is 11604917 a composite number?
True
Is 1083581 a prime number?
False
Is 38215199 prime?
False
Is 79758557 prime?
True
Is 291931097 prime?
True
Is 35106431 composite?
True
Is 8268401 a prime number?
False
Is 5447083 a prime number?
True
Is 103029341 composite?
False
Is 1384337 prime?
True
Is 38164361 a composite number?
True
Is 14674447 prime?
True
Is 141621563 composite?
True
Is 23393321 a prime number?
False
Is 142399 composite?
True
Is 723018157 prime?
False
Is 13338037 a composite number?
True
Is 2294653 prime?
False
Is 30526285 composite?
True
Is 19731433 composite?
True
Is 5764091 composite?
False
Is 376967 a prime number?
False
Is 61744433 a composite number?
True
Is 148846063 composite?
False
Is 4487 a composite number?
True
Is 83848123 a composite number?
True
Is 1053223 a prime number?
False
Is 1142077 prime?
False
Is 5039239 prime?
True
Is 1369 composite?
True
Is 3657443 a prime number?
False
Is 2544901 prime?
False
Is 3536557 a prime number?
False
Is 32831417 prime?
True
Is 8616023 prime?
False
Is 71797942 a composite number?
True
Is 17510021 prime?
True
Is 236339 a prime number?
True
Is 7151447 composite?
False
Is 482393643 prime?
False
Is 2256493 a composite number?
True
Is 6701693 a prime number?
True
Is 912293 a composite number?
True
Is 27163547 composite?
False
Is 456665273 composite?
False
Is 4835351 a prime number?
False
Is 599212057 composite?
False
Is 4757765 prime?
False
Is 86829497 prime?
True
Is 115798171 a prime number?
False
Is 499553 a composite number?
True
Is 4518277 prime?
False
Is 74320049 a composite number?
False
Is 4107359 a prime number?
False
Is 372462743 composite?
False
Is 75315533 a prime number?
True
Is 3389187 prime?
False
Is 15214781 a composite number?
False
Is 191347997 prime?
True
Is 144883 a composite number?
False
Is 4139113 a composite number?
True
Is 6309509 a prime number?
True
Is 788521 prime?
True
Is 14892733 composite?
False
Is 3687319 a prime number?
True
Is 20046659 a prime number?
True
Is 30909526 a composite number?
True
Is 12173779 a prime number?
True
Is 40228067 prime?
False
Is 159013923 prime?
False
Is 27571483 a prime number?
True
Is 32818601 composite?
False
Is 9142691 a prime number?
True
Is 23383153 composite?
False
Is 8773547 a composite number?
True
Is 52338587 prime?
False
Is 8689181 prime?
True
Is 784831 a prime number?
True
Is 2299961 prime?
False
Is 251904863 a composite number?
True
Is 2122073711 a prime number?
True
Is 9640661 a prime number?
True
Is 4215157 a prime number?
True
Is 43942669 composite?
True
Is 102137843 prime?
True
Is 369539 prime?
True
Is 10495411 composite?
True
Is 19566163 a prime number?
True
Is 905081 composite?
True
Is 2521397 composite?
False
Is 10505783 prime?
False
Is 60551021 composite?
False
Is 1562753 composite?
False
Is 3847351 a composite number?
False
Is 142741 composite?
True
Is 6058574 prime?
False
Is 4004237 a prime number?
True
Is 98241841 a prime number?
True
Is 16419019 prime?
True
Is 18066623 a prime number?
False
Is 3558749 a prime number?
True
Is 35856043 prime?
False
Is 36099203 a composite number?
True
Is 5758721 composite?
False
Is 7117007 a prime number?
True
Is 7344397 prime?
True
Is 667211 prime?
True
Is 406160341 prime?
False
Is 7031953 composite?
True
Is 1100422 a prime number?
False
Is 763111 a composite number?
False
Is 2906347 a composite number?
False
Is 7331387 composite?
True
Is 21009445 prime?
False
Is 14022901 composite?
True
Is 25130077 a composite number?
True
Is 6054073 a prime number?
False
Is 60185309 composite?
False
Is 82338409 a composite number?
False
Is 2759189 composite?
False
Is 6572431 prime?
True
Is 28561697 prime?
False
Is 140009 prime?
True
Is 1469621 prime?
True
Is 36245239 a composite number?
True
Is 7929291 prime?
False
Is 29411893 composite?
True
Is 56979883 prime?
True
Is 36704729 composite?
True
Is 376379 composite?
True
Is 98706161 composite?
False
Is 140804509 prime?
True
Is 18688519 prime?
True
Is 150681365 prime?
False
Is 616639 prime?
True
Is 14407459 composite?
True
Is 62855683 a prime number?
False
Is 2009167 a composite number?
False
Is 4514293 a composite number?
True
Is 203238379 a composite number?
False
Is 28115713 a prime number?
True
Is 176140121 a prime number?
False
Is 254414 a composite number?
True
Is 12494411 a composite number?
False
Is 1098868103 a prime number?
True
Is 4395781 prime?
False
Is 16714933 a prime number?
False
Is 3694333 composite?
True
Is 250272431 a prime number?
True
Is 7749793 composite?
True
Is 4719641 a composite number?
False
Is 109215907 a composite number?
True
Is 19341199 a prime number?
True
Is 63403901 a prime number?
False
Is 96869 prime?
False
Is 406247 a prime number?
True
Is 449831 a composite number?
True
Is 3574273 a composite number?
True
Is 6449719 a prime number?
True
Is 716785 a composite number?
True
Is 818603 prime?
True
Is 203021167 prime?
False
Is 451247 prime?
False
Is 1333357 a composite number?
False
Is 289575847 composite?
True
Is 482216591 a prime number?
True
Is 1786679 a composite number?
False
Is 3032101 prime?
False
Is 98280493 prime?
True
Is 90795953 composite?
False
Is 206946427 